{"id":5,"date":"2020-10-05T12:35:46","date_gmt":"2020-10-05T10:35:46","guid":{"rendered":"http:\/\/www.ca7.it\/?page_id=5"},"modified":"2024-11-06T16:01:40","modified_gmt":"2024-11-06T15:01:40","slug":"il-nuovo-umoma-apre-i-battenti","status":"publish","type":"page","link":"https:\/\/www.ca7.it\/","title":{"rendered":"Ca7 (casette)"},"content":{"rendered":"\n<div class=\"wp-block-group alignwide\"><div class=\"wp-block-group__inner-container\">\n<h2 class=\"has-text-align-center\"><strong>Eccoci qua!<\/strong><\/h2>\n\n\n\n<p>In una giornata piovosa, con lampi e buio intorno, ho messo a punto questo sito. Ho deciso di metterci mano perch\u00e8 vorrei avere un luogo, seppur virtuale, su cui \u00e8 possibile vedere i miei disegni, per chi ne abbia voglia. Siccome sono abbastanza schiva nel propormi, preferisco che ognuno si faccia un giro e capisca da solo cosa preferisce.<\/p>\n\n\n\n<p>Questa \u00e8 la mia homepage.<\/p>\n\n\n\n<p>Come tutte le homepage che si rispettino ha dei rimandi a qualcosa di pi\u00f9 interessante che si trova all&#8217;interno del sito, lo spiego perch\u00e9 per me \u00e8 una novit\u00e0, so che i siti funzionano cos\u00ec, ma una cosa \u00e8 usarli, una cosa e &#8220;costruirli&#8221; &#8230; <\/p>\n\n\n\n<p>Per cui per adesso beccatevi questa galleria di immagini (realizzate da me negli ultimi anni) e se proprio avete voglia di  sapere qualcosa di pi\u00f9 di ognuno dei disegni che vedete, basta cliccarci sopra e comparir\u00e0, come per incanto, qualcosa di pi\u00f9 tra articoli, post e spiegazioni varie sull&#8217;origine e l&#8217;evoluzione delle mie improbabili creazioni. <\/p>\n\n\n\n<p>Buona visione!<\/p>\n<\/div><\/div>\n\n\n\n<figure class=\"wp-block-image size-large\"><a href=\"http:\/\/www.ca7.it\/?p=161(si apre in una nuova scheda)\"><img loading=\"lazy\" width=\"1024\" height=\"766\" src=\"http:\/\/www.ca7.it\/wp-content\/uploads\/2021\/04\/musica-leggera-1024x766.jpg\" alt=\"\" class=\"wp-image-108\" srcset=\"https:\/\/www.ca7.it\/wp-content\/uploads\/2021\/04\/musica-leggera-1024x766.jpg 1024w, https:\/\/www.ca7.it\/wp-content\/uploads\/2021\/04\/musica-leggera-300x224.jpg 300w, https:\/\/www.ca7.it\/wp-content\/uploads\/2021\/04\/musica-leggera-768x574.jpg 768w, https:\/\/www.ca7.it\/wp-content\/uploads\/2021\/04\/musica-leggera-1536x1149.jpg 1536w, https:\/\/www.ca7.it\/wp-content\/uploads\/2021\/04\/musica-leggera-2048x1532.jpg 2048w\" sizes=\"(max-width: 767px) 89vw, (max-width: 1000px) 54vw, (max-width: 1071px) 543px, 580px\" \/><\/a><figcaption>Metti un po&#8217; di musica leggera perch\u00e8 ho voglia di niente &#8230; &#8211; Acquarello su carta (20&#215;60 cm)<\/figcaption><\/figure>\n\n\n\n<div class=\"wp-block-columns alignwide\">\n<div class=\"wp-block-column\">\n<figure class=\"wp-block-image size-large\"><a href=\"http:\/\/www.ca7.it\/?p=174\"><img loading=\"lazy\" width=\"960\" height=\"932\" src=\"http:\/\/www.ca7.it\/wp-content\/uploads\/2021\/04\/PIVOT-E-FROG.jpg\" alt=\"\" class=\"wp-image-42\" srcset=\"https:\/\/www.ca7.it\/wp-content\/uploads\/2021\/04\/PIVOT-E-FROG.jpg 960w, https:\/\/www.ca7.it\/wp-content\/uploads\/2021\/04\/PIVOT-E-FROG-300x291.jpg 300w, https:\/\/www.ca7.it\/wp-content\/uploads\/2021\/04\/PIVOT-E-FROG-768x746.jpg 768w\" sizes=\"(max-width: 767px) 89vw, (max-width: 1000px) 54vw, (max-width: 1071px) 543px, 580px\" \/><\/a><figcaption>Pivot e frog  &#8211; Acquarello su carta (25&#215;25 cm)<\/figcaption><\/figure>\n<\/div>\n\n\n\n<div class=\"wp-block-column\">\n<figure class=\"wp-block-image size-large\"><img loading=\"lazy\" width=\"960\" height=\"933\" src=\"http:\/\/www.ca7.it\/wp-content\/uploads\/2021\/04\/TINTARELLA-DI-LUNA-1.jpg\" alt=\"\" class=\"wp-image-74\" srcset=\"https:\/\/www.ca7.it\/wp-content\/uploads\/2021\/04\/TINTARELLA-DI-LUNA-1.jpg 960w, https:\/\/www.ca7.it\/wp-content\/uploads\/2021\/04\/TINTARELLA-DI-LUNA-1-300x292.jpg 300w, https:\/\/www.ca7.it\/wp-content\/uploads\/2021\/04\/TINTARELLA-DI-LUNA-1-768x746.jpg 768w\" sizes=\"(max-width: 767px) 89vw, (max-width: 1000px) 54vw, (max-width: 1071px) 543px, 580px\" \/><figcaption>Tintarella di luna &#8211; Acquarello su carta (25&#215;25 cm)<\/figcaption><\/figure>\n<\/div>\n<\/div>\n\n\n\n<figure class=\"wp-block-image size-large\"><img loading=\"lazy\" width=\"1024\" height=\"728\" src=\"http:\/\/www.ca7.it\/wp-content\/uploads\/2021\/04\/FINESTRE-1024x728.jpg\" alt=\"\" class=\"wp-image-149\" srcset=\"https:\/\/www.ca7.it\/wp-content\/uploads\/2021\/04\/FINESTRE-1024x728.jpg 1024w, https:\/\/www.ca7.it\/wp-content\/uploads\/2021\/04\/FINESTRE-300x213.jpg 300w, https:\/\/www.ca7.it\/wp-content\/uploads\/2021\/04\/FINESTRE-768x546.jpg 768w, https:\/\/www.ca7.it\/wp-content\/uploads\/2021\/04\/FINESTRE-1536x1093.jpg 1536w, https:\/\/www.ca7.it\/wp-content\/uploads\/2021\/04\/FINESTRE-2048x1457.jpg 2048w\" sizes=\"(max-width: 767px) 89vw, (max-width: 1000px) 54vw, (max-width: 1071px) 543px, 580px\" \/><figcaption>Finestre &#8211; Acquarello su carta (28&#215;40 cm)<\/figcaption><\/figure>\n\n\n\n<div class=\"wp-block-group alignwide\"><div class=\"wp-block-group__inner-container\">\n<div class=\"wp-block-columns\">\n<div class=\"wp-block-column\" style=\"flex-basis:66.66%\">\n<figure class=\"wp-block-image size-large is-resized\"><img loading=\"lazy\" src=\"http:\/\/www.ca7.it\/wp-content\/uploads\/2021\/04\/ESTATE-765x1024.jpg\" alt=\"\" class=\"wp-image-57\" width=\"473\" height=\"633\" srcset=\"https:\/\/www.ca7.it\/wp-content\/uploads\/2021\/04\/ESTATE-765x1024.jpg 765w, https:\/\/www.ca7.it\/wp-content\/uploads\/2021\/04\/ESTATE-224x300.jpg 224w, https:\/\/www.ca7.it\/wp-content\/uploads\/2021\/04\/ESTATE-768x1028.jpg 768w, https:\/\/www.ca7.it\/wp-content\/uploads\/2021\/04\/ESTATE-1148x1536.jpg 1148w, https:\/\/www.ca7.it\/wp-content\/uploads\/2021\/04\/ESTATE-1531x2048.jpg 1531w, https:\/\/www.ca7.it\/wp-content\/uploads\/2021\/04\/ESTATE-scaled.jpg 1913w\" sizes=\"(max-width: 473px) 100vw, 473px\" \/><figcaption>Estate, sei calda come i baci che ho perduto &#8230; &#8211; Acquarello su carta (35&#215;25 cm)<\/figcaption><\/figure>\n<\/div>\n<\/div>\n\n\n\n<p class=\"has-vivid-green-cyan-color has-text-color\"><strong>Non disegno per riempire un vuoto ma per vuotare un pieno che \u00e8 dentro di me e preme.<br>(Augusto Daolio)<\/strong><\/p>\n<\/div><\/div>\n\n\n\n<div class=\"wp-block-columns\">\n<div class=\"wp-block-column\">\n<figure class=\"wp-block-image size-large\"><a href=\"http:\/\/www.ca7.it\/?p=1\"><img loading=\"lazy\" width=\"995\" height=\"1024\" src=\"http:\/\/www.ca7.it\/wp-content\/uploads\/2021\/04\/case-e-fiori-3-995x1024.jpg\" alt=\"\" class=\"wp-image-91\" srcset=\"https:\/\/www.ca7.it\/wp-content\/uploads\/2021\/04\/case-e-fiori-3-995x1024.jpg 995w, https:\/\/www.ca7.it\/wp-content\/uploads\/2021\/04\/case-e-fiori-3-291x300.jpg 291w, https:\/\/www.ca7.it\/wp-content\/uploads\/2021\/04\/case-e-fiori-3-768x791.jpg 768w, https:\/\/www.ca7.it\/wp-content\/uploads\/2021\/04\/case-e-fiori-3-1492x1536.jpg 1492w, https:\/\/www.ca7.it\/wp-content\/uploads\/2021\/04\/case-e-fiori-3-1989x2048.jpg 1989w\" sizes=\"(max-width: 767px) 89vw, (max-width: 1000px) 54vw, (max-width: 1071px) 543px, 580px\" \/><\/a><figcaption>Case e fiori &#8211; Acquarello su carta (35&#215;35 cm)<\/figcaption><\/figure>\n\n\n\n<div class=\"wp-block-image\"><figure class=\"alignleft size-medium is-resized\"><img loading=\"lazy\" src=\"http:\/\/www.ca7.it\/wp-content\/uploads\/2021\/04\/FARFALLA-1-300x192.jpg\" alt=\"\" class=\"wp-image-70\" width=\"403\" height=\"258\" srcset=\"https:\/\/www.ca7.it\/wp-content\/uploads\/2021\/04\/FARFALLA-1-300x192.jpg 300w, https:\/\/www.ca7.it\/wp-content\/uploads\/2021\/04\/FARFALLA-1-1024x655.jpg 1024w, https:\/\/www.ca7.it\/wp-content\/uploads\/2021\/04\/FARFALLA-1-768x492.jpg 768w, https:\/\/www.ca7.it\/wp-content\/uploads\/2021\/04\/FARFALLA-1-1536x983.jpg 1536w, https:\/\/www.ca7.it\/wp-content\/uploads\/2021\/04\/FARFALLA-1-2048x1311.jpg 2048w\" sizes=\"(max-width: 403px) 100vw, 403px\" \/><figcaption>Vola! &#8211; Acquarello su carta (18&#215;28 cm)<\/figcaption><\/figure><\/div>\n<\/div>\n<\/div>\n\n\n\n<div class=\"wp-block-image\"><figure class=\"alignleft size-large is-resized\"><img loading=\"lazy\" src=\"http:\/\/www.ca7.it\/wp-content\/uploads\/2021\/04\/A-CHE-BELARIA-FRESCA-2.jpg\" alt=\"\" class=\"wp-image-76\" width=\"398\" height=\"298\" srcset=\"https:\/\/www.ca7.it\/wp-content\/uploads\/2021\/04\/A-CHE-BELARIA-FRESCA-2.jpg 960w, https:\/\/www.ca7.it\/wp-content\/uploads\/2021\/04\/A-CHE-BELARIA-FRESCA-2-300x225.jpg 300w, https:\/\/www.ca7.it\/wp-content\/uploads\/2021\/04\/A-CHE-BELARIA-FRESCA-2-768x576.jpg 768w\" sizes=\"(max-width: 398px) 100vw, 398px\" \/><figcaption>Ah, che bell&#8217;aria fresca ! &#8211;  Acquarello su carta (25&#215;35 cm)<\/figcaption><\/figure><\/div>\n\n\n\n<div class=\"wp-block-image\"><figure class=\"alignleft size-large is-resized\"><img loading=\"lazy\" src=\"http:\/\/www.ca7.it\/wp-content\/uploads\/2021\/04\/ABISSO_200DPI-1-409x1024.jpg\" alt=\"\" class=\"wp-image-77\" width=\"461\" height=\"1154\" srcset=\"https:\/\/www.ca7.it\/wp-content\/uploads\/2021\/04\/ABISSO_200DPI-1-409x1024.jpg 409w, https:\/\/www.ca7.it\/wp-content\/uploads\/2021\/04\/ABISSO_200DPI-1-120x300.jpg 120w, https:\/\/www.ca7.it\/wp-content\/uploads\/2021\/04\/ABISSO_200DPI-1-613x1536.jpg 613w\" sizes=\"(max-width: 461px) 100vw, 461px\" \/><figcaption>Abisso &#8211;  Acquarello su carta (75&#215;30 cm)<\/figcaption><\/figure><\/div>\n\n\n\n<figure class=\"wp-block-image size-large\"><img loading=\"lazy\" width=\"1024\" height=\"323\" src=\"http:\/\/www.ca7.it\/wp-content\/uploads\/2021\/04\/DONNE-E-FIORI-GIALLI-1-1024x323.jpg\" alt=\"\" class=\"wp-image-80\" srcset=\"https:\/\/www.ca7.it\/wp-content\/uploads\/2021\/04\/DONNE-E-FIORI-GIALLI-1-1024x323.jpg 1024w, https:\/\/www.ca7.it\/wp-content\/uploads\/2021\/04\/DONNE-E-FIORI-GIALLI-1-300x95.jpg 300w, https:\/\/www.ca7.it\/wp-content\/uploads\/2021\/04\/DONNE-E-FIORI-GIALLI-1-768x242.jpg 768w, https:\/\/www.ca7.it\/wp-content\/uploads\/2021\/04\/DONNE-E-FIORI-GIALLI-1-1536x485.jpg 1536w, https:\/\/www.ca7.it\/wp-content\/uploads\/2021\/04\/DONNE-E-FIORI-GIALLI-1-2048x646.jpg 2048w\" sizes=\"(max-width: 767px) 89vw, (max-width: 1000px) 54vw, (max-width: 1071px) 543px, 580px\" \/><figcaption>Donne e fiori gialli _ Acquarello e pennarello su cartoncino (20&#215;50 cm)<\/figcaption><\/figure>\n\n\n\n<figure class=\"wp-block-image size-large\"><a href=\"http:\/\/www.ca7.it\/?p=151(si apre in una nuova scheda)\"><img loading=\"lazy\" width=\"755\" height=\"1024\" src=\"http:\/\/www.ca7.it\/wp-content\/uploads\/2021\/04\/balconi-1-755x1024.jpg\" alt=\"\" class=\"wp-image-153\" srcset=\"https:\/\/www.ca7.it\/wp-content\/uploads\/2021\/04\/balconi-1-755x1024.jpg 755w, https:\/\/www.ca7.it\/wp-content\/uploads\/2021\/04\/balconi-1-221x300.jpg 221w, https:\/\/www.ca7.it\/wp-content\/uploads\/2021\/04\/balconi-1-768x1041.jpg 768w, https:\/\/www.ca7.it\/wp-content\/uploads\/2021\/04\/balconi-1-1133x1536.jpg 1133w, https:\/\/www.ca7.it\/wp-content\/uploads\/2021\/04\/balconi-1-1511x2048.jpg 1511w, https:\/\/www.ca7.it\/wp-content\/uploads\/2021\/04\/balconi-1-scaled.jpg 1889w\" sizes=\"(max-width: 706px) 89vw, (max-width: 767px) 82vw, 740px\" \/><\/a><figcaption>Balconi &#8211; Acquarello su carta (35&#215;25 cm)<\/figcaption><\/figure>\n\n\n\n<figure class=\"wp-block-image size-large\"><img loading=\"lazy\" width=\"729\" height=\"1024\" src=\"http:\/\/www.ca7.it\/wp-content\/uploads\/2021\/04\/ELENA-2-729x1024.jpg\" alt=\"\" class=\"wp-image-81\" srcset=\"https:\/\/www.ca7.it\/wp-content\/uploads\/2021\/04\/ELENA-2-729x1024.jpg 729w, https:\/\/www.ca7.it\/wp-content\/uploads\/2021\/04\/ELENA-2-214x300.jpg 214w, https:\/\/www.ca7.it\/wp-content\/uploads\/2021\/04\/ELENA-2-768x1079.jpg 768w, https:\/\/www.ca7.it\/wp-content\/uploads\/2021\/04\/ELENA-2-1093x1536.jpg 1093w, https:\/\/www.ca7.it\/wp-content\/uploads\/2021\/04\/ELENA-2-1458x2048.jpg 1458w, https:\/\/www.ca7.it\/wp-content\/uploads\/2021\/04\/ELENA-2-scaled.jpg 1822w\" sizes=\"(max-width: 729px) 100vw, 729px\" \/><figcaption>Elena &#8211;  Acrilico su cartoncino (40&#215;30 cm)<\/figcaption><\/figure>\n\n\n\n<figure class=\"wp-block-image size-large\"><img loading=\"lazy\" width=\"708\" height=\"960\" src=\"http:\/\/www.ca7.it\/wp-content\/uploads\/2021\/04\/ROMA-E-API-2.jpg\" alt=\"\" class=\"wp-image-97\" srcset=\"https:\/\/www.ca7.it\/wp-content\/uploads\/2021\/04\/ROMA-E-API-2.jpg 708w, https:\/\/www.ca7.it\/wp-content\/uploads\/2021\/04\/ROMA-E-API-2-221x300.jpg 221w\" sizes=\"(max-width: 708px) 100vw, 708px\" \/><figcaption>Roma e api &#8211; Acquarello su carta (30&#215;20 cm)<\/figcaption><\/figure>\n\n\n\n<figure class=\"wp-block-image size-large\"><img loading=\"lazy\" width=\"1024\" height=\"726\" src=\"http:\/\/www.ca7.it\/wp-content\/uploads\/2021\/04\/GATTI-1024x726.jpg\" alt=\"\" class=\"wp-image-63\" srcset=\"https:\/\/www.ca7.it\/wp-content\/uploads\/2021\/04\/GATTI-1024x726.jpg 1024w, https:\/\/www.ca7.it\/wp-content\/uploads\/2021\/04\/GATTI-300x213.jpg 300w, https:\/\/www.ca7.it\/wp-content\/uploads\/2021\/04\/GATTI-768x544.jpg 768w, https:\/\/www.ca7.it\/wp-content\/uploads\/2021\/04\/GATTI-1536x1088.jpg 1536w, https:\/\/www.ca7.it\/wp-content\/uploads\/2021\/04\/GATTI-2048x1451.jpg 2048w\" sizes=\"(max-width: 767px) 89vw, (max-width: 1000px) 54vw, (max-width: 1071px) 543px, 580px\" \/><figcaption>Gatti  &#8211;  Acquarello su carta (25&#215;35 cm)<\/figcaption><\/figure>\n\n\n\n<p class=\"has-luminous-vivid-orange-color has-text-color\"><strong>Sdraiarsi sul letto sarebbe un\u2019esperienza perfetta e suprema se solo uno avesse una matita colorata abbastanza lunga da disegnare sul soffitto.<br>(GK Chesterton)<\/strong><\/p>\n\n\n\n<figure class=\"wp-block-image size-large\"><img loading=\"lazy\" width=\"1024\" height=\"766\" src=\"http:\/\/www.ca7.it\/wp-content\/uploads\/2021\/04\/balduina-terrazze-1-1024x766.jpg\" alt=\"\" class=\"wp-image-121\" srcset=\"https:\/\/www.ca7.it\/wp-content\/uploads\/2021\/04\/balduina-terrazze-1-1024x766.jpg 1024w, https:\/\/www.ca7.it\/wp-content\/uploads\/2021\/04\/balduina-terrazze-1-300x224.jpg 300w, https:\/\/www.ca7.it\/wp-content\/uploads\/2021\/04\/balduina-terrazze-1-768x574.jpg 768w, https:\/\/www.ca7.it\/wp-content\/uploads\/2021\/04\/balduina-terrazze-1-1536x1149.jpg 1536w, https:\/\/www.ca7.it\/wp-content\/uploads\/2021\/04\/balduina-terrazze-1-2048x1532.jpg 2048w\" sizes=\"(max-width: 767px) 89vw, (max-width: 1000px) 54vw, (max-width: 1071px) 543px, 580px\" \/><figcaption>Terrazze  &#8211; Acquarello su carta (35&#215;60 cm)<\/figcaption><\/figure>\n\n\n\n<figure class=\"wp-block-image size-large\"><img loading=\"lazy\" width=\"1013\" height=\"1024\" src=\"http:\/\/www.ca7.it\/wp-content\/uploads\/2021\/04\/TAPIRULAN_web-1013x1024.jpg\" alt=\"\" class=\"wp-image-171\" srcset=\"https:\/\/www.ca7.it\/wp-content\/uploads\/2021\/04\/TAPIRULAN_web-1013x1024.jpg 1013w, https:\/\/www.ca7.it\/wp-content\/uploads\/2021\/04\/TAPIRULAN_web-297x300.jpg 297w, https:\/\/www.ca7.it\/wp-content\/uploads\/2021\/04\/TAPIRULAN_web-768x776.jpg 768w, https:\/\/www.ca7.it\/wp-content\/uploads\/2021\/04\/TAPIRULAN_web-1520x1536.jpg 1520w, https:\/\/www.ca7.it\/wp-content\/uploads\/2021\/04\/TAPIRULAN_web-2027x2048.jpg 2027w, https:\/\/www.ca7.it\/wp-content\/uploads\/2021\/04\/TAPIRULAN_web-100x100.jpg 100w\" sizes=\"(max-width: 767px) 89vw, (max-width: 1000px) 54vw, (max-width: 1071px) 543px, 580px\" \/><figcaption>Caos &#8211; Acquarello su carta (35&#215;35 cm)<\/figcaption><\/figure>\n\n\n\n<figure class=\"wp-block-image size-large\"><img loading=\"lazy\" width=\"1024\" height=\"402\" src=\"http:\/\/www.ca7.it\/wp-content\/uploads\/2021\/04\/ELEFANTI-1024x402.jpg\" alt=\"\" class=\"wp-image-172\" srcset=\"https:\/\/www.ca7.it\/wp-content\/uploads\/2021\/04\/ELEFANTI-1024x402.jpg 1024w, https:\/\/www.ca7.it\/wp-content\/uploads\/2021\/04\/ELEFANTI-300x118.jpg 300w, https:\/\/www.ca7.it\/wp-content\/uploads\/2021\/04\/ELEFANTI-768x301.jpg 768w, https:\/\/www.ca7.it\/wp-content\/uploads\/2021\/04\/ELEFANTI-1536x602.jpg 1536w, https:\/\/www.ca7.it\/wp-content\/uploads\/2021\/04\/ELEFANTI-2048x803.jpg 2048w\" sizes=\"(max-width: 767px) 89vw, (max-width: 1000px) 54vw, (max-width: 1071px) 543px, 580px\" \/><figcaption>Elefanti e citt\u00e0 &#8211; Acquarello su carta (28&#215;60 cm)<\/figcaption><\/figure>\n\n\n\n<figure class=\"wp-block-image size-large\"><img loading=\"lazy\" width=\"638\" height=\"1024\" src=\"http:\/\/www.ca7.it\/wp-content\/uploads\/2021\/04\/nero-638x1024.jpg\" alt=\"\" class=\"wp-image-177\" srcset=\"https:\/\/www.ca7.it\/wp-content\/uploads\/2021\/04\/nero-638x1024.jpg 638w, https:\/\/www.ca7.it\/wp-content\/uploads\/2021\/04\/nero-187x300.jpg 187w, https:\/\/www.ca7.it\/wp-content\/uploads\/2021\/04\/nero-768x1232.jpg 768w, https:\/\/www.ca7.it\/wp-content\/uploads\/2021\/04\/nero-958x1536.jpg 958w, https:\/\/www.ca7.it\/wp-content\/uploads\/2021\/04\/nero-1277x2048.jpg 1277w, https:\/\/www.ca7.it\/wp-content\/uploads\/2021\/04\/nero-scaled.jpg 1596w\" sizes=\"(max-width: 638px) 100vw, 638px\" \/><figcaption>2021 Anno internazionale della frutta e della verdura &#8211; Acquarello su carta e pennarelli (22&#215;15 cm)<\/figcaption><\/figure>\n\n\n\n<p><\/p>\n","protected":false},"excerpt":{"rendered":"<p>Sdraiarsi sul letto sarebbe un\u2019esperienza perfetta e suprema se solo uno avesse una matita colorata abbastanza lunga da disegnare sul soffitto.(GK Chesterton)<\/p>\n","protected":false},"author":2,"featured_media":0,"parent":8,"menu_order":0,"comment_status":"closed","ping_status":"closed","template":"","meta":[],"_links":{"self":[{"href":"https:\/\/www.ca7.it\/index.php?rest_route=\/wp\/v2\/pages\/5"}],"collection":[{"href":"https:\/\/www.ca7.it\/index.php?rest_route=\/wp\/v2\/pages"}],"about":[{"href":"https:\/\/www.ca7.it\/index.php?rest_route=\/wp\/v2\/types\/page"}],"author":[{"embeddable":true,"href":"https:\/\/www.ca7.it\/index.php?rest_route=\/wp\/v2\/users\/2"}],"replies":[{"embeddable":true,"href":"https:\/\/www.ca7.it\/index.php?rest_route=%2Fwp%2Fv2%2Fcomments&post=5"}],"version-history":[{"count":45,"href":"https:\/\/www.ca7.it\/index.php?rest_route=\/wp\/v2\/pages\/5\/revisions"}],"predecessor-version":[{"id":193,"href":"https:\/\/www.ca7.it\/index.php?rest_route=\/wp\/v2\/pages\/5\/revisions\/193"}],"up":[{"embeddable":true,"href":"https:\/\/www.ca7.it\/index.php?rest_route=\/wp\/v2\/pages\/8"}],"wp:attachment":[{"href":"https:\/\/www.ca7.it\/index.php?rest_route=%2Fwp%2Fv2%2Fmedia&parent=5"}],"curies":[{"name":"wp","href":"https:\/\/api.w.org\/{rel}","templated":true}]}}